 = -14, 3*r - 54 = -3*p. Calculate the remainder when g is divided by r.
9
Let y = 207 + -92. Let i = y - 79. Calculate the remainder when 141 is divided by i.
33
Let a = 3 + 166. Let t = a - -120. Suppose -2*m + p + t = -0*m, 446 = 3*m + p. Calculate the remainder when m is divided by 30.
27
Let r be ((-18)/(-4) + 2)/((-5)/(-20)). Let q = r - 25. Let k(a) = 34*a**3 + a**2. What is the remainder when 102 is divided by k(q)?
32
Let y be 0/2*2/4. Suppose -4*w + 4*h + 556 = y, h - 5*h = 8. What is the remainder when w is divided by 46?
45
Suppose -2*c - c = 2*v + 8, -66 = 5*v - 4*c. Calculate the remainder when 342/4 + (-6 - 65/v) is divided by 23.
17
Suppose 14*w + 2*v - 20 = 10*w, 0 = w - v - 5. Suppose -w*x + 177 = 5*d - 43, -d + 35 = 4*x. Calculate the remainder when 140 is divided by d.
46
Suppose 0 = -4*b + 35 + 73. Let m(a) = 38*a - 2. Let y be m(1). Calculate the remainder when 79 is divided by 29 + ((-64)/y - 6/b).
25
Let z = 177 + -221. Let w(u) = u**2 + 2*u - 1. Calculate the remainder when z/77 + 764/14 is divided by w(3).
12
Suppose 5*w = 3*w + 10. Let v(l) = 17*l - 43. What is the remainder when v(w) is divided by 15?
12
Let q = -952 + 552. Let u = -340 - q. What is the remainder when u is divided by 31?
29
Suppose 202*r - 722 = -4*z + 197*r, 919 = 5*z - 2*r. What is the remainder when 561 is divided by z?
12
Let h(t) be the third derivative of -19/24*t**4 + 0 - 22/3*t**3 + 0*t + 2*t**2. What is the remainder when h(-4) is divided by 18?
14
Suppose 65100 = -i + 65263. Calculate the remainder when 1137 is divided by i.
159
Suppose 5*k - s - 56 - 60 = 0, -k - s = -16. What is the remainder when 1381 is divided by k?
17
Let z(l) = 2*l**3 - 42*l**2 - 45*l + 42. What is the remainder when 837 is divided by z(22)?
17
Suppose -2*w - 22*r - 14*r = 314, 3*w + 21 = -4*r. What is the remainder when 7 is divided by w?
2
Suppose -2*o - 473 = -5*u, 7*u = 5*u - 2*o + 178. Let m be 860/30*3*1. Let j = u - m. Calculate the remainder when 26 is divided by j.
5
Let x be (3 - 2) + -1*2*18. Let i = -5 - x. Calculate the remainder when i is divided by 23.
7
Let m(i) = i**3 - 17*i**2 - 31*i + 46. What is the remainder when m(19) is divided by 49?
32
Let w be 247/7 + 2/(-7). Let q = w - 29. Let h = q - -21. Calculate the remainder when h is divided by 14.
13
Let w be 10*10/36 + (-4)/(-18). Suppose -g + y = -11, w*g = 2*y + 22 + 13. Calculate the remainder when g is divided by 7.
6
Let z(x) = -x**3 + 4*x**2 - 3*x + 8. Suppose -2*f = 2*c - 18, 2*c - 4*f - 45 = -3. What is the remainder when c is divided by z(3)?
5
Suppose 3*p + 33 = 4*y - 2*p, 5 = -5*p. Let s(j) = 2*j**2 - 8*j - 32. What is the remainder when 128 is divided by s(y)?
8
Suppose -3*j + 6 = g - j, 52 = 5*g - j. Suppose 3*h - 18 - 132 = 0. Suppose h*v = 45*v + 335. Calculate the remainder when v is divided by g.
7
Suppose -3*d = -2*d - 15. Let w(p) = p**2 - 14*p + 21. What is the remainder when w(d) is divided by 13?
10
What is the remainder when 1037 is divided by (18320/88 + 3/33*-2)/2?
101
Let j(r) = -54*r - 292. What is the remainder when 764 is divided by j(-9)?
182
Let a be 1/(-3)*1 + 8260/30. Suppose 0 = -6*q + 91 + a. Suppose -4*j = -19*j + 270. Calculate the remainder when q is divided by j.
7
Let u(z) = z + 3. Let v be u(0). Suppose -2*f = -4*c - 60, v + 89 = 3*f - 4*c. What is the remainder when 0 - 4 - (-106 - 25) is divided by f?
31
Let y(r) = -r**2 - 11*r - 12. Let w be (5/(-35) + (-6)/(-14))*-7. Calculate the remainder when y(w) is divided by 4.
2
Suppose 2*j - 2*s = -6, 0 = 4*j - 5*s + 10 + 4. Let n be ((-2)/2)/j + (10 - 11). Suppose -3*g + 32 + 232 = n. What is the remainder when g is divided by 23?
19
Let h(z) = 11*z**3 + 64*z**2 + 43*z - 4. Calculate the remainder when 1111 is divided by h(-5).
1
Suppose -35 = -5*x + 5*u, -22 + 13 = -2*x + 3*u. Suppose -2*q - x*l + 171 = -11*l, -4*q = -2*l - 338. Calculate the remainder when 249 is divided by q.
79
Suppose -3*z = 3*n - 42, -5*z + 0*n = -3*n - 94. Let c(x) = -1 - z*x + 41*x - 11*x - 16*x. What is the remainder when c(-2) is divided by 2?
1
Suppose -3*f - 49*a + 2683 = -48*a, f - 2*a = 892. Let n = -835 + f. Calculate the remainder when 81 is divided by n.
22
Let i = 1019 + -696. Let x(u) = -75*u - 58. Let z be x(2). Let t = i + z. What is the remainder when t is divided by 29?
28
Calculate the remainder when 37 is divided by (-2)/(-7) + (32/(-140))/((-30)/2325).
1
Let p = 57 + -19. Let f(r) = -37*r + 8. Let u be f(5). Let d = -156 - u. Calculate the remainder when p is divided by d.
17
Let l = 661 + -586. Let j(w) = w**3 + 6*w**2 - 2*w + 14. Suppose -2*d + 4*d + 12 = 0. What is the remainder when l is divided by j(d)?
23
Let y = 236 + 57. Let l = 305 - y. What is the remainder when 18 is divided by l?
6
Suppose f + 94 = 5*m, 3*m - 73 = -m + 3*f. Suppose -3*u = 0, 0 = 6*g - 8*g - 4*u + 66. Calculate the remainder when g is divided by m.
14
What is the remainder when 5266 is divided by (3 + -4)/(20/(-920))*(-1)/(-2)?
22
Suppose 1757 = 14*x + x + 32. What is the remainder when 185 is divided by x?
70
Suppose -291 = -3*o - 5*r, -5*r + 3*r = -5*o + 423. Calculate the remainder when 3825 is divided by o.
84
Suppose -2*i + 8 = -2*y, 4*i - 5*y - 20 = -3. Let c(p) = -p**3 + 6*p**2 - 3*p + 5. What is the remainder when c(i) is divided by (-3)/(1*3/(-8))?
7
Let v = 90929 + -90760. Suppose 4*f - 248 = 3*g + g, 0 = -2*g - 10. Calculate the remainder when v is divided by f.
55
Let m(n) = n**2 + 18*n - 26. Let z = 54 + -74. What is the remainder when 36 is divided by m(z)?
8
Let a = -60 + 62. Suppose 5*j - 16 = j - 3*b, -2*j + a*b = -8. Calculate the remainder when j is divided by 2.
0
Let g(v) = -v**2 + 2*v + 28. Let d be g(0). Let s(c) = c**2 - 30*c + 72. What is the remainder when 79 is divided by s(d)?
15
Suppose 0 = 597*v - 592*v - 185. Suppose 432 = 121*n - 115*n. Calculate the remainder when n is divided by v.
35
Let y(t) = -2496*t + 694. Calculate the remainder when y(-5) is divided by 244.
242
Let t = 7761 - 7704. Suppose 3 + 77 = 2*n. Suppose o + c = 3*c + 5, 2*o + 2*c = n. Calculate the remainder when t is divided by o.
12
Suppose 0 = -11*g + 4459 + 1415. Calculate the remainder when g is divided by 228.
78
Let z(v) = 6*v**2 + v - 4. Let u be z(-2). Suppose 0 = -692*y + 691*y + u. Calculate the remainder when 1113 is divided by y.
15
Let a(g) = 9*g**2 - 3*g + 1. Let o be a(1). Suppose -o*f + 17 = -39. Suppose f*v - 12 = 6*v. What is the remainder when v is divided by 6?
0
Let g = -7126 + 7138. Calculate the remainder when 202 is divided by g.
10
Suppose -2*z = h - 2*h - 26, -2*z - 2*h + 32 = 0. Let f be (-12)/z*(-9 - -2)*-1. What is the remainder when (5/(25/f))/(8/(-140)) is divided by 6?
3
Let m(r) = -r**3 - 5*r**2 + 9*r - 11. Calculate the remainder when m(-7) is divided by (66/(-33)*(5 + 0))/(-1).
4
Suppose 1292 - 4284 = -11*o. What is the remainder when o - (-36)/(-4) - (0 - -2) is divided by 12?
9
What is the remainder when (14 - (-564)/(-20))*-35 is divided by 5?
2
Let i = -43374 + 43425. What is the remainder when 386 is divided by i?
29
Let y(u) = 26*u**2 - 7*u + 9. Let r be y(2). Suppose m = r - 27. Let q = m + -58. What is the remainder when 68 is divided by q?
12
Let x = 59 + -2. Let r = x - 11. Suppose g = 3*g - r. What is the remainder when 114 is divided by g?
22
Suppose -2*z + 6*z + 3*q - 373 = 0, -z + 82 = -3*q. What is the remainder when 908 is divided by z?
89
Calculate the remainder when (392 + 1)/(((-195)/(-20))/13) is divided by 60.
44
Let f be (-4 - (-96)/20)*-1*65. Let g = 122 + f. Let q = g - 36. Calculate the remainder when 169 is divided by q.
33
Suppose 2*w + 5*j - 623 = 0, 4*w + 4*j - 324 - 952 = 0. What is the remainder when w is divided by 7?
2
Suppose 0 = 3*z - 9, 59*o = 63*o - 2*z - 46. What is the remainder when 116 is divided by o?
12
Suppose -170 + 62 = -3*x. Let h = x + -10. Suppose 91 - h = 5*a + 5*y, -5*a = -5*y - 95. Calculate the remainder when 63 is divided by a.
15
Let k(j) = -39*j + 2739. What is the remainder when 1445 is divided by k(58)?
14
Let t be (-2887)/9 - (-15)/(540/(-8)). What is the remainder when 311 is divided by (1 - (-1 + 5)) + t/(-3)?
103
Calculate the remainder when 328 is divided by (-1 + 2)/(1108/276 - 4).
52
Let p(y) = -10*y**2 - 61*y - 35. Calculate the remainder 